 a composite number?
False
Suppose 170547 = 3*a - 3*y, -a - 64*y + 62*y + 56837 = 0. Is a a composite number?
True
Suppose 5*s + l + 13 = 0, -4*s = 3*l + 4 + 2. Let i(r) = -r**2. Let o(f) = -32*f**2 + 5*f + 4. Let g(t) = -4*i(t) - o(t). Is g(s) composite?
True
Suppose 2*r = -0*r + 10. Let h = -8151 + 12086. Suppose 10*b = r*b + h. Is b prime?
True
Suppose -99*c = 194*c + 2348577 - 67928716. Is c a composite number?
False
Let q(w) = 5*w**2 - 11*w - 55. Let y(k) = -14*k + 33. Let d be y(3). Is q(d) composite?
False
Let q(g) = -3*g**2 + 258*g - 397. Is q(81) a composite number?
True
Let l = -72501 - -174128. Is l a prime number?
True
Suppose 3*u - 4*q - 10 = 0, 0 = -u + 2*q + 4. Let l(i) = -6 + 158*i - 4 + 16 + 1. Is l(u) a composite number?
True
Is -7 + (-213021)/((-13)/((-130)/(-15))) a prime number?
True
Suppose 26*r = -26672 - 16722. Let p = r + 5366. Is p prime?
True
Let p(r) = r**3 - 6*r**2 - 12*r + 13. Let v be (-119)/(-6) + (-4)/(-120)*5. Suppose -2*a - 5*u + 35 = 0, 0 = 4*a - u - 17 - v. Is p(a) composite?
False
Suppose 4 = 7*r - 6*r. Suppose 3*b - 4 - 2 = 4*t, -t = r*b - 8. Suppose 6 - 16 = -b*k, 0 = -5*f - 5*k + 4610. Is f a prime number?
False
Let w = 28585 + -12552. Is w a prime number?
True
Let n(u) = u**2 - 25*u + 145. Let v be n(10). Let k(q) = 79*q**2 + 16*q + 54. Is k(v) a prime number?
True
Suppose -w + 4 = -8. Suppose 0 = -6*f + 4*f + 56. Is ((-42)/w)/((-2)/f) a composite number?
True
Suppose 16*b + 2119 + 10681 = 0. Let r = b - -1818. Is r a composite number?
True
Let c(w) = 207*w + 764. Is c(55) a composite number?
False
Let a = 2 - -1. Suppose 4*l - 15 + 15 = 0. Suppose l*f - a*f = -267. Is f a composite number?
False
Suppose f - 16*s + 13*s - 22 = 0, -s = -4*f + 121. Let x(k) = k**2 - 29*k + 125. Is x(f) a prime number?
False
Suppose 31*x - 189984 = 15*x. Suppose -x = 284*l - 287*l. Is l a prime number?
False
Let h = 56 + -49. Is -6 - (-1373 + -1 + h) a prime number?
True
Let r(u) = 1651*u + 1845. Is r(7) prime?
False
Let c(u) = -u**2 + 26*u - 136. Let g be c(13). Suppose -23*w = -g*w + 46370. Is w composite?
False
Suppose -396*f + 363*f + 2817078 = 0. Is f prime?
False
Suppose 3*o + 47 = 110. Suppose 4*t - o = -h + 9*t, 5*h - 4*t - 21 = 0. Is (2 + 116/(-12))/(h/(-9)) a prime number?
False
Let w(r) = -2334*r**3 + r**2 - 2*r - 4. Suppose 5*j - 4*m - 11 = 0, -2*j + 2*m + 6 = -0. Is w(j) a composite number?
False
Suppose 2*g + 4*b + 4 = 0, -2 = -4*g + 4*b - 22. Let n(h) = -15*h + 37. Let f be n(3). Is g/(4*-3)*-3 - f a composite number?
False
Let n be (-232)/(-10)*(-541255)/(-22). Suppose 0 = -30*j + 4*j + n. Is j prime?
False
Suppose -9*l + 474 = -3*l. Let y = -155 + l. Is (-5 - -1)*10583/y a prime number?
True
Suppose 4920*u + 2553212 = 4924*u. Is u composite?
False
Let h = -81180 + 140677. Is h a composite number?
False
Is 53/689 - -32*10690/26 a prime number?
False
Suppose 3*z = -3*z. Is 1669 - (z - 0)/(-3) prime?
True
Let z be (659/(-3))/(12/(-252)). Suppose 2*c + z = 6*c - 3*s, 4595 = 4*c + 3*s. Is c prime?
True
Suppose p + 5*s - 47312 = 0, 0 = -5*p + s + 76637 + 159793. Is p composite?
False
Suppose 4*d - 30 = -5*b, -b + 12 = b + 3*d. Suppose -b*r + 25*r = 3781. Is r a composite number?
False
Let j = 24594 - 19447. Is j prime?
True
Let f be -4*(-5)/(5/(-1852)). Let d = f - -14847. Is d a prime number?
False
Let r(p) = 32*p - 111. Let z be r(-10). Let s = 6 - z. Is s composite?
True
Suppose -530*v + 240668248 = -4229382. Is v prime?
False
Suppose -14*m - 14*m = -84. Let h be 1 + -1 + (-3 - -3). Suppose 5*z = -2*y + 223 + 194, -4*z - m*y + 335 = h. Is z a composite number?
False
Is (-610)/70 - -9 - (-2725390)/14 prime?
True
Is (-230)/(-23) + 68/(-4) - -317616 composite?
False
Let t be (7 - 180000/(-8)) + -8. Suppose 41*r + x + t = 46*r, 0 = r - 3*x - 4511. Is r composite?
True
Let t = 28 - 25. Is ((-539000)/(-32) - t) + (-1)/(-4) composite?
True
Let q = 524531 + -288538. Is q prime?
False
Suppose -4*f = 55*f - 5425109. Is f prime?
True
Let l(h) = 29*h - 162. Let y be l(12). Suppose 161060 = 196*u - y*u. Is u composite?
True
Let j(p) = 10*p**2 + 42*p - 6. Let x be j(-4). Let f(z) = -34*z - 27. Is f(x) a composite number?
False
Let i(w) = -2779*w - 2353. Is i(-68) a prime number?
True
Let n = -227 - -227. Is 4951 + n + -1 + 5 a composite number?
True
Let o(q) = 783*q + 163. Let t be o(14). Suppose -62489 + t = -4*i. Is i prime?
True
Suppose -2*n + 246015 = q, q + 246010 = 2*n + 3*q. Suppose -35*s = -25*s - n. Is s composite?
False
Suppose -283196 = -2*w + n, -4*n = 161*w - 156*w - 707951. Is w composite?
True
Let t be 76274/33 + (-22)/(-6) + -3. Let j = t - 405. Is j prime?
True
Let g(r) = r**2 + 3*r - 21. Let y be g(8). Let b = y - 63. Suppose 2*w - b*o = -2*o + 952, -w + 2*o + 473 = 0. Is w composite?
False
Suppose 0 = -2*m - 10 + 2. Let l be ((-3)/m)/((-3)/(-12)). Suppose 2*u + 2*j - 616 = 0, -l*j = 2*u + 212 - 829. Is u a composite number?
False
Suppose -4845821 = -13*g - 1192704. Is g composite?
True
Let c be -1045 + 1/(4/(-20)). Let y = 1283 - c. Is y prime?
True
Let i be ((-1)/(-3))/((-1)/(-99)). Let t(r) = -i + 34*r - 4 + 210*r + 10. Is t(5) a prime number?
True
Suppose -34*u + 37*u - 240175 = -2*j, 0 = j - 2. Is u a prime number?
False
Let h(t) = 554*t**3 - 36*t**2 + 9*t + 75. Let m(q) = 184*q**3 - 13*q**2 + 3*q + 25. Let a(n) = -6*h(n) + 17*m(n). Is a(-4) prime?
True
Let h(k) = -k**3 - 49*k**2 - 246*k - 30. Is h(-47) composite?
True
Let r = -6620 + 170313. Is r a composite number?
True
Suppose 84*w - 6575640 = -36*w. Is w a prime number?
False
Let p = 486366 - 136825. Is p composite?
True
Let j(x) = -6441*x + 1885. Is j(-28) a prime number?
True
Let c = 25 - 60. Let u = -29 - c. Suppose -u*s = -5*s - 1043. Is s a composite number?
True
Suppose 302*y - 297*y - 37815 = 0. Is y a composite number?
True
Suppose -5*b = 3*l + 16, 5*b - 2*l - l = -34. Let c(i) be the second derivative of -61*i**3/6 - 3*i**2 - 296*i. Is c(b) a prime number?
False
Let q be (1 - (-6)/(-2)) + 3. Let s(m) = 1311*m**2 - 6*m + 5. Let c be s(q). Suppose 0 = 2*j - c - 264. Is j a composite number?
False
Let b = 1121 + -983. Let s(o) = -3*o**3 - 3*o**2 + 6*o + 1. Let y be s(-4). Let a = y + b. Is a a prime number?
False
Let f = 351 + -361. Is (-74 + 595)/((-2)/f) a prime number?
False
Suppose 0*k - 6*k + 136410 = 0. Suppose k = 545*m - 540*m. Is m a composite number?
False
Suppose 0 = 2*z + 2*d + 10, -d - 16 = 4*z + 2*d. Suppose -1190 = -5*a + 365. Is (z/(-1) - 1) + a a composite number?
False
Let q(u) = -7*u + 99. Let o be q(14). Let p(d) = 262*d - 3. Is p(o) composite?
True
Let n = -93979 - -147002. Is n a composite number?
True
Let y(p) be the second derivative of p**7/840 + p**6/80 + p**5/120 - 4*p**4/3 + 4*p. Let c(a) be the third derivative of y(a). Is c(7) composite?
False
Let p = 19714 - -88308. Is p composite?
True
Is ((-2332)/(-318))/((-4)/350226*-3) composite?
True
Let b = -22793 - -39742. Is b a composite number?
True
Let m(z) = -55*z + 94. Let o(b) = 52*b - 93. Let q(u) = 3*m(u) + 4*o(u). Is q(7) a prime number?
True
Suppose 3*i - 81258 = 75759. Is i composite?
True
Let n = -9968 + 62199. Is n a composite number?
True
Let n(x) = 61049*x - 15234. Is n(7) a prime number?
True
Let k(u) = 1571*u**2 - 40*u - 758. Is k(-23) a composite number?
False
Suppose 45 = -5*k - o, 0 = 2*k + o - 3 + 18. Is -2 - (-890)/(k/(-5)) composite?
False
Suppose 41399*k - 9580053 = 41378*k. Is k composite?
False
Is (250364/18)/(124/558) composite?
False
Suppose 5*x - 2091 = -5*u + 3294, -2*x + 2146 = 4*u. Suppose 4*s + 6*k = 4*k + 10944, 3*s = -4*k + 8203. Suppose 2*c - s - x = 0. Is c composite?
True
Let a be 32 + -32 - 1*-3842. Let y = 11695 - a. Is y prime?
True
Suppose -u + 3*o = -2*u + 4, -3*o = 2*u - 8. Let h(q) = -1532*q - 13. Let p be h(u). Let v = 9926 + p. Is v prime?
False
Let a = -628 - 11328. Let k = -7907 - a. Is k a composite number?
False
Let u be (-1 + 19)*(-40)/12. Let z be (u/(-2 + 0))/(4/2). Suppose -4844 = -z*w + 1111. Is w a prime number?
True
Let f(u) = 89*u**3 + 2*u**2 - 11*u - 4. Let s be f(4). Let x = 8613 - s. Is x composite?
True
Suppose -6*b = -952220 + 114938. Is b composite?
False
Let s(o) = 36712*o + 141. Is s(1) a prime number?
False
Let p = 77 + -72. Suppose b = -3*j - b + 17, 0 = -p*b + 20. Suppose 4*r + 253 = q - 0*q, -